vided by 15?
12
Suppose 4*q + 5*w = 59 + 69, 2*q = 3*w + 42. Let k = -18 + q. What is the remainder when 13 is divided by k?
4
Let a = -47 - -100. Calculate the remainder when 157 is divided by a.
51
Suppose 328 = -3*u - 35. Let d = -66 - u. Calculate the remainder when d is divided by 29.
26
Suppose 0 = -3*x + 5*p - 16, 5*p = -0*p + 25. Suppose 15 = 3*v - x. What is the remainder when 9 is divided by v?
3
Suppose -78*p + 15689 = -17773. Calculate the remainder when p is divided by 73.
64
Let z be (8/4)/((-2)/(-119)). Let q = z - 32. Calculate the remainder when q is divided by 22.
21
Suppose -4*d + 2 = -2. Let u = 10 + d. Calculate the remainder when u is divided by 6.
5
Let y(c) = 10*c - 31. Calculate the remainder when 371 is divided by y(5).
10
Suppose -j + 15 = 2*j. What is the remainder when (-94)/(-8) + 4/32*-6 is divided by j?
1
Suppose -p = -0*p - 41. Suppose -2*c + p = -17. Let q = 39 + -31. Calculate the remainder when c is divided by q.
5
What is the remainder when 29 is divided by (-6963)/(-363) + (12/(-22))/3?
10
Suppose 3*m + 305 = 5*y, 0*y + 4*y = 3*m + 310. Let b = m - -205. Calculate the remainder when b is divided by 48.
47
Let d be ((-6)/(-21))/((-80)/28 - -3). Suppose -3*a = -d*h + 21, 3*h - a - 2*a - 36 = 0. Calculate the remainder when 39 is divided by h.
9
Let h = 20 + 14. Suppose 117*o - 122*o = -90. What is the remainder when h is divided by o?
16
Let u(g) = 10*g + 3*g**3 + 23 - 32 - 7*g**2 - 2*g**3. Let p be u(6). Let h = -13 + p. What is the remainder when h is divided by 1?
0
Suppose -a + 81 = 3*l - l, 3*l + a = 122. Let c be 5/20 - 153/(-12). Suppose 6*h - 79 = -c. Calculate the remainder when l is divided by h.
8
Let a(y) = 275*y - 3. Let w be a(3). Let x be w/14 - 4/(-14). Suppose -5 + x = 3*c. Calculate the remainder when 51 is divided by c.
15
Suppose 0 = -364*j + 351*j + 845. What is the remainder when 250 is divided by j?
55
Let u = 12 - -3. Suppose -18*p + u = -15*p. Calculate the remainder when 19 is divided by p.
4
Suppose -4*d = -2*z - 220, 7*d = 4*d + 2*z + 166. What is the remainder when d is divided by 4?
2
Suppose 0 = 6*p + 39 - 183. What is the remainder when 118 is divided by p?
22
Suppose 8 = 4*v, 9*m - 7*m - 66 = 3*v. Calculate the remainder when m is divided by 26.
10
Calculate the remainder when 371 is divided by (6 + -4 - -3) + 2 + 19.
7
Let d = -222 + 421. What is the remainder when d is divided by 51?
46
Suppose -23*h + 9 + 364 = -156. Calculate the remainder when h is divided by 1 + 1*(1 - -2).
3
What is the remainder when 70 is divided by ((-2)/(-2)*5)/((-8)/(-40))?
20
Suppose 0 = 3*s - s + 4, 4*v - 5*s - 198 = 0. Suppose -g + y = -67, -y - 3*y = g - v. Calculate the remainder when g is divided by 32.
31
Suppose u - 22 - 32 = 0. Let b = 63 - u. What is the remainder when b is divided by 8?
1
Calculate the remainder when (-49)/(14/(-2)) - 8072/(-8) is divided by 9.
8
Let q = -14 - -14. Suppose -3*k + 5*k - 74 = q. Let b(g) = g**2 + 7*g + 11. What is the remainder when b(-14) is divided by k?
35
Suppose 2*y - 10 = 4. What is the remainder when 62 + -45 - (-20)/(-4) is divided by y?
5
Suppose 15*h - 2523 = 1932. What is the remainder when h is divided by 109?
79
What is the remainder when (-3487)/(-44) + (-1)/4 is divided by 20?
19
What is the remainder when 320/5600 - (-12353)/35 is divided by 58?
5
Suppose -4*z = -3*z - 8. Suppose -3*g - 2*v = -0*v - 20, -z = g - 3*v. Calculate the remainder when 15 is divided by g.
3
Let d = -1 + 25. Let i(x) = -590*x - 1139. What is the remainder when i(-2) is divided by d?
17
Let d = -59 - -67. Suppose 2*x - 252 = j, 4*x = -3*j + j - 528. What is the remainder when (-1)/(-3 - j/87) is divided by d?
5
Let g(t) = t**2 + 26*t + 28. Calculate the remainder when 212 is divided by g(-29).
97
Let y(h) = -h**2 - 55*h - 526. Calculate the remainder when 573 is divided by y(-41).
45
What is the remainder when (-6 - (-96)/18)*-2133 is divided by 15?
12
What is the remainder when 57 is divided by -39 + 45 - 18/(-3 - -1)?
12
Let l = -1586 - -1851. Calculate the remainder when l is divided by 13.
5
Let a(s) be the second derivative of -19/6*s**3 - 1/2*s**2 + 4*s + 0. What is the remainder when 32 is divided by a(-1)?
14
Let b = 67 + 491. What is the remainder when b is divided by 63?
54
Let s = 8 + -11. Calculate the remainder when 24 is divided by 10 + (-3)/s - (-3 + 5).
6
Let s(d) = d + 14. Let z be s(-10). Suppose -2*c + 8 = -2*v, -3*v - 20 = -2*c - 3*c. Suppose z = c*x - 0*x. Calculate the remainder when 3 is divided by x.
0
What is the remainder when (-16)/6*(25 - 55) is divided by 21?
17
Suppose 15*m - 276 - 504 = 0. What is the remainder when 110 is divided by m?
6
Let j(w) = 8*w + 63. What is the remainder when 84 is divided by j(-5)?
15
Calculate the remainder when 117 is divided by (2 + -3)/((-2)/62).
24
Let n(h) = -h**3 - 8*h**2 - 10*h - 21. Let p be n(-7). Suppose p = -4*l + 2*c + 50, -l = -0*l + 2*c. What is the remainder when 39 is divided by l?
9
Let m(i) be the second derivative of i**3 + 3*i**2/2 - i. Calculate the remainder when m(3) is divided by 11/((-55)/10) + 8.
3
Let s(f) = -94*f - 1. Let y be s(-1). Suppose -5*q - 6 = m, -3*q + y = -6*m + 2*m. Calculate the remainder when 15/35 + (-1314)/m is divided by 11.
8
Suppose 6*v = -5*y + 3*v + 25, 4*y - 2*v - 42 = 0. What is the remainder when 51 is divided by y?
3
Suppose 71*p + 2420 = 93*p. What is the remainder when 657 is divided by p?
107
Suppose -4*i = -2*x + 32, 0 = -4*i + 33 - 17. What is the remainder when 454 is divided by x?
22
Suppose -q - 4 = -3*q. Suppose q*y - 2 = 2. Suppose 6 = 2*g + y. Calculate the remainder when g is divided by 1.
0
Suppose -3*k = -14 - 49. Calculate the remainder when 123 is divided by k.
18
Suppose -19*l + 105 = -199. Suppose 5*w + 5 = 0, w + 0*w = 2*u - 59. Calculate the remainder when u is divided by l.
13
Let j(h) = -h**3 - 23*h**2 - 76*h + 94. Calculate the remainder when j(-19) is divided by 48.
46
What is the remainder when 190 is divided by (-8)/(-32)*12 + (1 - -21)?
15
Suppose b - 36 = -3*b. Calculate the remainder when 31 - (-2)/(-6)*b is divided by 16.
12
Let j be 2*(4 + -5 + -1). What is the remainder when 1/j - 1134/(-24) is divided by (2 + -1)/((-2)/(-24))?
11
Suppose g + 4*f - 65 = -9, -3*g - 4*f + 168 = 0. Calculate the remainder when 137 is divided by 3*(-3)/(-18)*g.
25
Let b(y) = -5*y - 130. Let t(f) = -3*f - 87. Let p(g) = -5*b(g) + 7*t(g). What is the remainder when 80 is divided by p(-5)?
17
Suppose 3*u + 16 = 2*k, -3*k - 18 = u + 2. What is the remainder when 36 is divided by 4/u + 78/4?
17
Suppose 3*h + 558 = 5*h. Suppose -6*c + 3*c = -h. What is the remainder when c is divided by 24?
21
Let l = 21 - 42. Let m be (-8)/40 - l/5. Suppose 30 = m*v + v. What is the remainder when 9 is divided by v?
3
Let l(f) = -f**3 + 18*f**2 + 20*f - 21. Calculate the remainder when l(18) is divided by 20.
19
Let o(t) = -t**3 + 3*t**2 + t - 1. Let m be o(3). Let i be 10/(-6) - 1426/(-69). Suppose -f = -m - i. What is the remainder when 82 is divided by f?
19
Let c(h) = -5*h**2 + 4*h + h**3 - 4*h + 4*h + 4. Suppose m - 10 = -2*i - 11, 4*m - 3*i = 51. What is the remainder when m is divided by c(4)?
1
Let u be -6*(-1 - (-2)/6). Let z = 21 + u. What is the remainder when z is divided by 14?
11
Suppose -26 = 9*a - 10*a - w, -5*a + 3*w = -90. Let h(s) = -s**3 + 6*s**2 - 3*s - 2. Calculate the remainder when a is divided by h(5).
5
Let c be (1/2 - 2)*(-7 - -5). Suppose -45 = 3*d - 8*d - 5*a, 5*d - c*a = 53. Calculate the remainder when 108 is divided by d.
8
Let a be 4 + 10/5*-15. Let p = 34 + a. Calculate the remainder when 15 is divided by p.
7
Suppose 0*l = l - 13. Let r = -438 + 462. What is the remainder when r is divided by l?
11
Let l(n) = -n + 1. Let p be 120/(-12)*-1*1. Suppose -24 = -p*f + 7*f. What is the remainder when f is divided by l(-2)?
2
Suppose -21*z + 17*z + 384 = 0. Suppose -5*g + 4*v + 82 = 0, -3*v + z = 5*g - 0*v. Calculate the remainder when 50 is divided by g.
14
Suppose -5*b = 2*w - 50, 2 = w - 3. Suppose -p = j - b, -3*p + 28 = -2*j + 9. What is the remainder when p is divided by 4?
3
Let x = 810 + -586. Calculate the remainder when x is divided by 39.
29
Let m(n) be the third derivative of n**4/8 - n**3 - 3*n**2. Let w be m(10). Let r 